= t**2 - 3*t - 1. Let q be w(-2). Let a(b) = b**3 - 10*b**2 + 9*b + 5. Let h be a(q). Suppose 172 - 37 = h*i. What is the tens digit of i?
2
Suppose -3*w - 12 = 0, 1 = -2*j + w + 27. Suppose 0 = -5*s + j*s - 366. What is the units digit of s?
1
Suppose 0*a + 4*a = 4*c + 24, 5*c = -2*a - 9. Let z(l) = -l - l + l**3 - l**2 + 2 - l + l. What is the tens digit of z(a)?
1
Suppose 0 = -4*d - d + 5*u + 25, 22 = 2*d - 5*u. Let n be (-42)/d + (-6)/(-2). What is the tens digit of ((-12)/9)/(2/n)?
2
Let h(u) = -u**3 + 16*u**2 + 5. Let x be h(16). Suppose 5*g + 3*l = 57, 4*g - l - 44 = -x*l. What is the units digit of g?
2
Suppose -56*u + 30627 + 3757 = 0. What is the units digit of u?
4
Let f(o) = o - 6. Let j be f(10). Let h(w) = 39*w + 48. What is the tens digit of h(j)?
0
What is the tens digit of -159*(2 + (2 - 5))?
5
Let j(q) = q**2 - 4*q + 4. Suppose 4*n = 5 + 3. Suppose n*b = 3*b - 3. What is the units digit of j(b)?
1
Let n be (-2)/(-4) - (-6)/(-4). Let m be 0 + (3 + -4)*n. What is the tens digit of 2/m - (-39 - 3)?
4
Suppose 0 = 6*n - 8 - 304. Suppose 4*w - 2*j = 124, 3*w - 3*j = 41 + n. What is the tens digit of w?
3
Let r(d) = -38*d + 6. Suppose 2*t + 3*b + 2 = 0, -2*t - 3*b - 10 = 2*t. What is the hundreds digit of r(t)?
1
Let w(n) = n**3 - 5*n**2 + 7*n. Let i be w(3). Suppose 2*r - v = 110, -v - 167 = -i*r - 0*v. What is the units digit of r?
7
Suppose 0 = 5*g + 20, -3*b - 2*b = -5*g - 30. Let j(d) = d**2 + 0*d**2 + 16*d - 4 - b*d**2 - 25*d. What is the units digit of j(-8)?
4
Let a = 1249 - 725. Let n = 742 - a. What is the hundreds digit of n?
2
Let t(a) be the first derivative of 3*a**2/2 - 10*a + 7. What is the units digit of t(4)?
2
Suppose 5*f - 6099 = -1989. Let p = f + -422. What is the tens digit of 0 - 0 - p/(-10)?
4
Let i(u) = 8*u**2 + 11*u - 24. What is the units digit of i(-10)?
6
Let x(z) = 152*z**2 + 97*z + 618. What is the tens digit of x(-6)?
0
Let c = -1295 + 1299. Let j(b) be the third derivative of b**5/30 + b**4/8 - 5*b**3/3 - b**2. What is the units digit of j(c)?
4
Suppose -2*f + 9565 - 3127 = 0. Suppose -f = 2*z + 3*z + d, -4*z - 3*d = 2573. What is the tens digit of z/(-18) - (-6)/27?
3
Let p(u) = -u**3 - u**2 + 9*u - 12. Let l be p(5). What is the tens digit of (1*-1 - l/65)*90?
7
Suppose -529 - 164 = -n + 3*h, 2*h = 3*n - 2072. What is the units digit of n?
0
Suppose -4*o - 4*z = -5320, o - 4*z + 8*z = 1336. What is the tens digit of 1/(-3) + (o/(-12))/(-2)?
5
What is the tens digit of 0 + (-388 - -6)/(-1)?
8
Let l(f) be the second derivative of 5*f**4/12 + f**3/2 + 5*f**2/2 - 9*f. What is the units digit of l(-3)?
1
Suppose 0 = 3*b - 405 - 168. Let m = b - -39. What is the units digit of m?
0
What is the hundreds digit of (-2417 - -2)*-1*1?
4
Suppose -40*j = -34*j - 504. What is the units digit of j?
4
Suppose 4*q = -5*m + 2722, q - 3*q = -2*m - 1370. What is the tens digit of q?
8
Let j(n) = -n**3 + 9*n**2 + 4*n - 4. Let b(q) = q**2 - 4*q - 12. Let t be b(7). What is the tens digit of j(t)?
3
Suppose 4*b = a - b - 77, -4 = 4*b. Let z = -19 + a. What is the tens digit of z?
5
Let b(w) = -w**3 + w**2 - 24. Suppose -4*t + 0*t - 5*m = -25, -15 = -3*t - 3*m. Let g be b(t). What is the tens digit of ((-9)/2)/(4/g)?
2
Let b(h) = 2*h**3 + 27*h**2 - 15*h - 14. Let d be b(-14). What is the units digit of (628/(-4))/((0 - d) + -1)?
7
What is the units digit of 5067/12*(-11)/(66/(-8))?
3
Suppose -2*t - r = 2*r - 24, -3*r - 18 = -5*t. Suppose -5*h - 4 - t = 0, 5*u - 4*h - 748 = 0. What is the tens digit of u?
4
Let l be 1/((-3)/9 + 0). Let n be 309 - l - (1 - 1). What is the units digit of 4/14 - n/(-84)?
4
Let d = 26 - 24. Let y(z) = -d*z + 13*z**3 + 27*z**3 - 4*z**2 + 2*z**2 + 3*z. What is the units digit of y(1)?
9
Let a be (-226)/8 + (-1)/(-4). Let u be ((-63)/(-14))/(3/6). What is the units digit of a/42*u/(-2)?
3
What is the tens digit of 8163/18 + 30/12?
5
Suppose -8*k = -543 - 385. Suppose 4*h = -4*r + 432, r = -7*h + 4*h + k. What is the tens digit of r?
0
Let b(l) = l**3 - 6*l**2 - 2. Let m be b(8). Suppose 0*z = -2*z + m. What is the units digit of z?
3
Suppose 0 = 11*d - 8*d - 12. What is the units digit of d?
4
Let u(l) = 5*l**2 - 18*l - 14 - 8*l**2 + 3*l**2 + 2*l**2. What is the units digit of u(11)?
0
What is the units digit of (-2)/11 + 1504/44?
4
What is the hundreds digit of 5/1*((-350)/(-5) - -7)?
3
What is the tens digit of 2 + (312 - (-6 - -3))?
1
Let f = 3745 - 2276. What is the tens digit of f?
6
Let w = 301 + 688. What is the hundreds digit of w?
9
Let k(l) be the third derivative of -17*l**4/24 - l**3/3 - 5*l**2. Let u be k(2). Let j = u - -60. What is the units digit of j?
4
Let w be 6*(0 + -1)/(-2). Suppose -91 = 4*z - l, -4*z = -w*l + l + 90. Let i = z - -60. What is the tens digit of i?
3
Suppose 1250 = 4*n + w, -n + 6*n - 1562 = -w. What is the tens digit of n?
1
Let s(p) = -p**2 - 14*p + 19. Let l = 42 - -2. Let f = 30 - l. What is the units digit of s(f)?
9
Let m(o) = -o**3 + 5*o**2 + 2*o + 6. Let u(g) = 3*g + 2. Let r be u(1). Suppose 19 + 1 = r*c + 5*i, -4*c + 5*i + 25 = 0. What is the units digit of m(c)?
6
Let w(j) = 2*j**2 - 2*j - 5. Let q be w(4). Suppose -7*z + 44 = -q. Let n = z - -17. What is the tens digit of n?
2
Suppose -3*x + 5*u + 155 + 186 = 0, -u + 559 = 5*x. Let f = x + -73. What is the units digit of f?
9
Let a be -2 + 5 + (-4 - -4). What is the units digit of (a + -7 - -3)*-4?
4
Suppose 0 = -3*p - 12, -4*z + 5*z + 2*p = 2366. What is the tens digit of z?
7
Let k be (2/(-6))/(2/(-24)). Let p be (k/2)/(-5 + 4). What is the tens digit of ((-21)/p)/((-10)/(-20))?
2
What is the units digit of 27/(-9) + 7 + 400?
4
Suppose 3*z + z = -3*v + 96, 72 = 3*z - v. Let b = 26 - z. What is the units digit of b?
2
Suppose -4*x = -2*x - m - 9, x - 2*m = 9. Suppose x*b - 6 = b. What is the units digit of b?
3
Let q = 4399 - 1798. What is the tens digit of q?
0
Let d(g) = 77*g + 248. What is the thousands digit of d(21)?
1
Let i(h) be the first derivative of -h**4/4 - 5*h**3/3 + h**2/2 - 12*h - 11. What is the units digit of i(-7)?
9
Let x = -453 - -2556. What is the units digit of x?
3
Suppose 1345 = 5*g - 0*g + 5*z, 5*z = 5*g - 1385. What is the units digit of g?
3
Suppose -6*n = -n - 15. Suppose -g - 4*h - 34 = -n*g, 5*g = -h + 63. What is the units digit of g?
3
What is the tens digit of (-8)/2 - (-2 - 247)?
4
Let n(c) be the first derivative of -7*c**2/2 + 10*c - 1. What is the tens digit of n(-4)?
3
Suppose 3*g - 1330 = -2*g. Suppose -2*i + 178 + g = 0. What is the units digit of i?
2
Let f(n) = -n**2 - 10*n - 9. Let q be f(-9). Suppose -4*p = -q - 16. What is the units digit of (p/3)/(8/96)?
6
Suppose -4*y - 2 = -2*f + 2, 4*f - 3 = 3*y. Suppose 3*l + 4*x + 122 = 5*l, f = 4*l + 2*x - 264. What is the tens digit of l?
6
Let n(k) = 31 - 8*k + 5 + 1 - 5. What is the hundreds digit of n(-11)?
1
Let b be (4 - -3) + 0 + 3. What is the tens digit of (b/(-3))/(-2)*24?
4
Let b be 10/25 - (-68)/(-20). Let r be (-102)/(-27) + (-2)/(-9). What is the units digit of (-3 + r)*20 + b?
7
Let d = -276 - -666. What is the tens digit of d?
9
Let x(i) = 3*i**2 - 2*i - 33. Let j = -123 + 133. What is the hundreds digit of x(j)?
2
Let y be 0*(-1 + (-6)/(-3)). Suppose y = -i + 4*g, 3*i + 2*g - 6*g = 8. Suppose -3*l = 2*b - 53 - 99, -b - i*l + 81 = 0. What is the units digit of b?
3
Let o(k) = k**2 - 5*k - 5. Let p(j) = j**2 + 11*j + 8. Let a(z) = 11*z**3 - z**2 + 1. Let r be a(-1). Let l be p(r). What is the tens digit of o(l)?
1
Let i be -3 + 4 + (-3 - -5). Suppose 2*c - i*f + 7 = -2*f, -2*c - 3*f = 11. What is the tens digit of (-2)/c + (-79)/(-2)?
4
Let i(v) = v**3 + 22*v**2 + 38*v + 39. What is the units digit of i(-16)?
7
Let t(h) = 32*h. Let d(u) = -31*u. Let i(f) = 5*d(f) + 4*t(f). Let c be 1/(-3) + (-2)/3. What is the units digit of i(c)?
7
Suppose 0 = -x - 5, 25060 = -35*w + 40*w - x. What is the tens digit of w?
1
Let n be -1*(2 + 18)*-33. Suppose -61*l = -56*l - n. What is the units digit of l?
2
Let c(g) = -g**3 - 5*g**2 - 2*g + 3. Let b be c(-5). Let o(w) = -b*w**3 - 16*w - 1 + 16*w. What is the tens digit of o(-1)?
1
Let q = -1 + 34. Let h = q - -21. What is the units digit of h?
4
Suppose -4*z + 4*c = -2816, -c - c = -5*z + 3529. Suppose -3*n + z = -4*u, 5*n - n = 5*u + 943. What is the units 